n**2 + 14*n + 1. What is f(12)?
25
Let j(n) = -2*n**2 + 12*n - 5. Calculate j(8).
-37
Let b(p) = -p**2 - 22*p + 114. Calculate b(-25).
39
Let a(p) = p**3 - 7*p**2 + 7*p + 5. Calculate a(4).
-15
Let x(u) = -4*u**2 + 21*u + 49. What is x(7)?
0
Let o(q) = 6*q**3 - q - 1. What is o(-1)?
-6
Let t(d) = -17*d + 1. What is t(2)?
-33
Let q(h) = -20*h + 170. Give q(8).
10
Let r(l) = -l**2 + 9*l - 2. Determine r(5).
18
Let a(b) = -4*b**2 - 11*b - 4. What is a(-5)?
-49
Let y(m) = -m**2 - 25*m - 48. Calculate y(-6).
66
Let f(y) = -y**3 + 8*y**2 - 5*y - 1. Determine f(7).
13
Let i(c) = c + 2. Calculate i(-9).
-7
Let l(f) = f**3 - 18. Calculate l(0).
-18
Let z(j) = j**3 + 6*j**2 - 56*j - 326. Give z(-8).
-6
Let j(v) = 8*v + 57. Determine j(-8).
-7
Let y(k) = -k**2 - 4*k - 6. What is y(-8)?
-38
Let q(z) = -4*z + 2. Give q(13).
-50
Let c(u) = u**2 - 7*u + 3. Give c(5).
-7
Let o(d) = -d**3 - 10*d**2 - 2*d + 11. Give o(-10).
31
Let r(a) = a**3 + a**2 - 2*a + 34. Give r(-4).
-6
Let z(p) = -2*p**3 - 10*p**2 + 12*p + 8. Determine z(-6).
8
Let f(a) = a - 12. Determine f(4).
-8
Let n(y) = y**2 - y + 4. Determine n(-4).
24
Let g(w) = -17*w**2 - 3*w - 5. Determine g(-2).
-67
Let j(z) = z**3 + 9*z**2 + 6*z - 8. What is j(-8)?
8
Let h(o) = 3*o**2 - 9*o + 16. What is h(3)?
16
Let z(i) = 15*i**3 + 32*i - 32. What is z(1)?
15
Let x(d) = 6*d**2 + 192*d + 6. What is x(-32)?
6
Let g(m) = -2*m - 3. Determine g(-6).
9
Let v(d) = -d - 9. Determine v(-15).
6
Let y(i) = -i**3 + 6*i**2 + 6*i - 10. Determine y(5).
45
Let r(k) = -5*k**2 - 224*k + 26. What is r(-45)?
-19
Let o(p) = -p**3 + p**2 - 3*p - 3. Give o(-2).
15
Let x(a) = -a - 22. What is x(-27)?
5
Let n(j) = -j**3 + 21*j**2 + 20*j + 45. Give n(22).
1
Let f(i) = -2*i**2 - 11*i - 41. Calculate f(-4).
-29
Let v(h) = -h**3 - h**2 + 3*h - 3. Calculate v(-4).
33
Let t(j) = j**2 + 18*j + 56. Determine t(-14).
0
Let w(a) = -38*a - 261. Determine w(-7).
5
Let m(p) = 2*p**2 - 7*p + 7. What is m(2)?
1
Let k(p) = p**3 - 17*p**2 + p - 11. What is k(17)?
6
Let t(j) = j**3 - 17*j**2 + 3*j - 36. What is t(17)?
15
Let s(z) = 40*z + 3. Calculate s(2).
83
Let b(m) = -m**3 - 48*m**2 - 46*m + 76. What is b(-47)?
29
Let o(w) = 2*w + 4. Give o(-4).
-4
Let w(z) = -36*z + 1. What is w(1)?
-35
Let d(n) = 2*n + 20. Give d(-7).
6
Let h(y) = -y**2 + 31*y - 236. Calculate h(14).
2
Let u(y) = y**2 - 7*y - 10. Give u(8).
-2
Let a(l) = 71*l**3 - 3*l**2 + l + 2. What is a(-1)?
-73
Let p(t) = -2*t**2 + 5*t - 4. Give p(1).
-1
Let o(n) = -2*n - 2. What is o(-12)?
22
Let p(r) = -r**2 - 14*r - 3. Calculate p(-14).
-3
Let f(o) = o + 20. Determine f(-9).
11
Let n(h) = h**2 + 8*h - 11. Determine n(-10).
9
Let z(j) = j**3 + 12*j**2 - 2*j - 13. Calculate z(-12).
11
Let f(m) = -m**2 - 7*m - 18. Determine f(-8).
-26
Let r(p) = 9*p - 47. Determine r(5).
-2
Let w(g) = -2*g + 1. Calculate w(2).
-3
Let n(m) = 3*m + 31. Give n(-9).
4
Let l(d) = -5*d - 78. What is l(-18)?
12
Let v(z) = -z**3 - 11*z**2 + 14*z + 26. Calculate v(-12).
2
Let u(c) = -c**3 - 10*c**2 + c + 12. Calculate u(-10).
2
Let w(l) = -8*l**2 + 3*l + 3. Give w(-1).
-8
Let c(z) = 6*z**2 + 3*z - 2. Determine c(-2).
16
Let u(s) = -s**2 + 3*s + 4. Give u(3).
4
Let k(x) = -x**2 - 16*x - 7. What is k(-15)?
8
Let r(s) = -5*s + 45. Determine r(13).
-20
Let l(q) = 2*q**2 - 20*q + 7. What is l(10)?
7
Let f(v) = v - 61. Determine f(0).
-61
Let c(b) = -b**2 + b + 5. What is c(-6)?
-37
Let y(f) = 2*f**2 - 13*f + 48. Give y(6).
42
Let a(i) = -4*i + 36. Calculate a(7).
8
Let g(w) = -w**3 + 7*w**2 + 8*w - 12. Calculate g(8).
-12
Let j(r) = r**2 + 5*r + 9. Give j(-6).
15
Let h(s) = -s**2 - 61*s - 339. What is h(-55)?
-9
Let b(d) = -21*d + 329. Calculate b(16).
-7
Let n(l) = l**3 + 3*l**2 - 4*l + 4. Give n(-5).
-26
Let n(x) = -6*x - 1. What is n(-4)?
23
Let f(p) = -5*p**2 + 21*p + 48. What is f(6)?
-6
Let o(r) = r**3 + 14*r**2 - 14*r + 18. Give o(-15).
3
Let i(k) = k**3 - 17*k**2 + 13*k + 18. Determine i(16).
-30
Let f(z) = z + 36. Calculate f(-13).
23
Let v(b) = b**2 - b + 3. What is v(2)?
5
Let p(x) = -6*x - 6. Give p(0).
-6
Let l(o) = 5*o + 1. Determine l(1).
6
Let n(a) = 2*a**3 + 6*a**2 + 6*a - 2. Calculate n(-2).
-6
Let t(g) = -g**2 + 15*g + 8. Give t(11).
52
Let u(m) = m**2 + 13*m + 1. Determine u(-12).
-11
Let v(u) = 11*u - 53. What is v(5)?
2
Let a(c) = c**3 - 19*c**2 + 35*c - 9. Calculate a(17).
8
Let v(f) = -25*f + 1. Give v(-2).
51
Let t(r) = -7*r**2 - 1. Determine t(-1).
-8
Let i(j) = 8*j - 3. Determine i(-3).
-27
Let n(j) = 6*j**2 + 26*j + 4. Give n(-5).
24
Let y(x) = -3*x**2 + 4*x + 4. Calculate y(4).
-28
Let i(c) = c**3 - 13*c**2 + 12*c - 14. Calculate i(12).
-14
Let d(j) = -6*j + 86. Determine d(14).
2
Let s(b) = 25*b + 83. Give s(-3).
8
Let y(r) = r**3 - 4*r**2 + 4*r + 1. Give y(4).
17
Let u(a) = -19*a - 172. Give u(-9).
-1
Let d(s) = 5*s - 6. Determine d(10).
44
Let v(y) = y**3 + 39*y**2. Calculate v(-39).
0
Let p(n) = -n**2 - 8*n + 6. Give p(-10).
-14
Let d(m) = 4*m - 3. Give d(-6).
-27
Let b(u) = 5*u + 8. Determine b(-6).
-22
Let v(n) = -3*n - 20. What is v(-11)?
13
Let b(a) = -38*a + 261. Give b(7).
-5
Let d(z) = -6*z + 11. Determine d(8).
-37
Let t(x) = 5*x**2 - 4*x + 4. Determine t(3).
37
Let z(w) = 3*w + 34. Calculate z(-14).
-8
Let n(z) = 27*z - 73. Give n(2).
-19
Let t(x) = 4*x + 35. What is t(-10)?
-5
Let g(h) = h**2 + 12*h + 17. What is g(-8)?
-15
Let c(j) = 14*j + 2. Determine c(2).
30
Let u(j) = -j**2 + 6*j + 5. Give u(6).
5
Let o(t) = 4*t - 9. Determine o(6).
15
Let m(d) = -70*d + 420. What is m(6)?
0
Let k(x) = -2*x - 21. Determine k(-18).
15
Let u(a) = -16*a + 5. Give u(1).
-11
Let s(m) = m**3 + 9*m**2 + m + 5. What is s(-9)?
-4
Let z(g) = g**2 - 12*g + 9. Calculate z(11).
-2
Let q(a) = 72*a - 156. Calculate q(2).
-12
Let l(x) = 18*x - 21. Give l(2).
15
Let t(q) = q**3 + 9*q**2 - 12*q - 16. Give t(-10).
4
Let z(j) = -j**3 - 13*j**2 + 68*j + 3. Calculate z(-17).
3
Let f(k) = -2*k**3 + 7*k**2 - 14*k + 29. Give f(3).
-4
Let f(o) = 9*o**2 + o - 3. What is f(-2)?
31
Let v(u) = 64*u + 1212. What is v(-19)?
-4
Let l(a) = 4*a**3 + a**2 - 2*a - 12. Give l(-2).
-36
Let z(m) = -m**3 - 7*m**2 - 9*m + 6. Calculate z(-5).
1
Let z(u) = u - 10. What is z(0)?
-10
Let h(b) = -b**3 + 41*b**2 + 41*b + 39. Determine h(42).
-3
Let o(j) = -16*j - 24. Determine o(-2).
8
Let x(c) = 5*c - 122. Determine x(23).
-7
Let f(m) = -m + 18. Give f(12).
6
Let b(g) = g**2 + 7*g - 2. What is b(-6)?
-8
Let b(m) = -14*m + 6. Determine b(1).
-8
Let m(s) = s**2 - 13*s - 18. Give m(13).
-18
Let m(h) = -h**2 - 11*h + 8. Determine m(-11).
8
Let n(k) = -k**2 - 6*k - 8. Determine n(-8).
-24
Let n(i) = 2*i**2 + 3*i - 5. What is n(0)?
-5
Let s(u) = u**3 + 8*u**2 - 2*u + 5. What is s(-8)?
21
Let r(s) = -s**2 + 5*s + 4. Determine r(6).
-2
Let d(h) = 2*h**3 + 4*h**2 + 5*h + 3. What is d(-2)?
-7
Let d(c) = -2*c**3 - 12*c**2 + c + 13. Calculate d(-6).
7
Let h(x) = 3*x - 17. What is h(8)?
7
Let s(u) = u**2 + 5*u + 5. Determine s(-4).
1
Let k(s) = -s**3 + 16*s**2 - 16*s + 6. Give k(15).
-9
Let h(w) = -w**3 - w**2 - 2*w + 1. Calculate h(-2).
9
Let j(x) = x**2 + 3*x - 4. Determine j(2).
6
Let q(j) = -j**2 - 27*j - 96. Give q(-23).
-4
Let m(j) = -j**3 - 5*j**2 - 5*j - 7. Calculate m(-4).
-3
Let c(i) = -2*i - 23. What is c(-8)?
-7
Let c(g) = -6*g**2 - 66*g - 3. Determine c(-11).
-3
Let m(a) = -3*a - 102. Calculate m(-35).
3
Let m(b) = -b + 2. Give m(7).
-5
Let y(t) = 4*t**2 - 77*t + 15. Determine y(19).
-4
Let p(i) = -i**3 - i**2 + 70*i - 3. Calculate p(-9).
15
Let h(a) = -2*a**3 - 2*a**2 - a - 1. Give h(-2).
9
Let o(n) = n**3 + 2*n**2 - 4*n + 3. What is o(1)?
2
Let k(x) = x**2 + 43*x + 224. Give k(-38).
34
Let w(v) = -v + 9. Determine w(0).
9
Let d(a) = a + 7. Determine d(-3).
4
Let j(h) = -4*h**2 + 93*h + 80. Calculate j(24).
8
Let q(g) = g**2 - 25*g - 26. Determine q(25).
-26
Let k(a) = -a**3 + 16*a**2 - 17*a + 21. What is k(15)?
-9
Let l(o) = -o**3 + 10*o**2 - 5*o - 13. What is l(8)?
75
Let u(t) = t**3 - 6*t**2 + t + 1. Determine u(6).
7
Let g(y) = y**2 + 28*y + 81. What is g(-24)?
-15
Let k(h) = -68*h + 2240. What is k(33)?
-4
Let w(f) = f**3 + 5*f**2 - 2*f - 5. Give w(-5).
5
Let u(t) = -4*t + 18. Determine u(9).
-18
Let t(z) = -z**3 - 5*z**2 + 3*z + 6. Calculate t(-6).
24
Let a(n) = -n**2 + 4*n + 8. Calculate a(5).
3
Let c(r) = -2*r**3 + 2*r**